. Suppose 5*h + 34 - 11 = -4*f, 5*f = 5*h + 5. Let g(i) = h*c(i) - 5*k(i). What is the tens digit of g(11)?
1
Let j = -96 + 104. What is the units digit of 2024/36 - 5*j/180?
6
Suppose 26 = 3*q + 4*s, 3*s - 4 - 5 = 3*q. Suppose -q*x - 5*j = -502, 16*x - 5*j + 1024 = 20*x. What is the tens digit of x?
6
Let v = -1576 + 3181. What is the units digit of v?
5
Let u = 31 + -22. Suppose 3*q - 2*q - u = 0. Suppose s = 2 + q. What is the units digit of s?
1
Suppose 0 = s - 5, -t + 3*t = -3*s + 111. Let x = 21 - t. What is the units digit of -2 - (-2 - (3 - x))?
0
Suppose 0 = 18*o - 25*o + 28. What is the units digit of o?
4
Let m be (-310)/(-50) - 1/5. Let f(k) = k**2 + 4*k - 4. What is the units digit of f(m)?
6
Suppose 0 = -13*l + l + 36576. What is the thousands digit of l?
3
Suppose j + j - 3 = n, -3*j - 2*n = 6. Suppose -i - 45 + 168 = j. What is the tens digit of i?
2
Suppose 5*u - 160 = -0*u. Let g = 69 - u. What is the tens digit of g?
3
Let c = 231 + 177. What is the units digit of c?
8
Suppose 4*t + 0*t = -5*p + 49, 4*p = 2*t + 34. Suppose -6*u + 3 = -p. What is the units digit of 3/(-12)*u*-42?
1
Suppose -4*x - 14 = -34. Let s be x + (2 - 5 - -1). Suppose 0 = -0*j + s*j - 87. What is the tens digit of j?
2
Let t be (156/12)/(2/4) + -3. Suppose 0 = 20*c - t*c + 912. What is the units digit of c?
4
Suppose -53*l = -47*l - 2718. What is the units digit of l?
3
Let m = 32 - 8. Suppose -4*o + 3 = -5. Suppose z - m + o = 0. What is the units digit of z?
2
Let p = -6 - -11. Suppose -s = p*q - 2*q - 23, s = -2*q + 16. Suppose 3*u = 5*f + 59, -2*u - f - q + 55 = 0. What is the units digit of u?
3
Suppose 48545 - 2569 = 8*b. What is the tens digit of b?
4
Let v(x) = x**3 + 6*x**2 + 5*x + 3. Let n be v(-5). Suppose -2*y - 24 = -n*y. Let c = y - 7. What is the tens digit of c?
1
Suppose -2*o = -o - 11. Suppose -2*b + o = -1. Suppose -3*u = -u - b. What is the units digit of u?
3
Let u(t) = -5*t - 8. Let f be u(5). Let o = f + 32. What is the units digit of -1 + 18 - o*1?
8
Suppose 3*d + 8 = -5*i, 5*d + 4 = -1. Let x = 1 - i. Suppose 5*l + 5*f - 75 = 0, 28 = -x*l + 4*l + 3*f. What is the tens digit of l?
1
Let f = -208 - -1080. What is the hundreds digit of f?
8
Let h = 126 + -184. Let i = h + 98. What is the units digit of i?
0
What is the units digit of 1/(-7) + 8712/616?
4
Let x be 5/(-30) + (-2306)/(-12). Suppose -5*l = -48 - x. What is the units digit of l?
8
Let l = 2735 + -2388. What is the units digit of l?
7
Let x(z) = -z - 14. Let c be x(-16). Suppose c*g = 11 + 7. Suppose 2*t - g = 69. What is the tens digit of t?
3
Suppose -j + t + 773 = 5*t, 4*j + 3*t = 3066. Suppose 5*i - 2*p - j = 0, -4*i + 790 = i + 3*p. What is the hundreds digit of i?
1
Suppose 4*p + 30 = 2*p. Let u be 6/10 - (-9)/p. Suppose y - 35 + 6 = u. What is the tens digit of y?
2
Suppose -4*t = 3*m - 31, -t = 5*m - 5*t - 9. Suppose m*l - 434 = -119. What is the tens digit of l?
6
Suppose -5 = -3*a + 1. Let j(r) = -r**3 + 4*r - 14*r**2 + 4 - a*r - 3*r. What is the tens digit of j(-14)?
1
Let r(d) = -d. Let o(v) = 12*v + 1. Let j(u) = -o(u) - 5*r(u). Suppose 5*g + 1 = -4, -3*n = -5*g + 16. What is the units digit of j(n)?
8
Let o(a) = -2*a - 21. Let s be o(-12). Let u = -7 + 10. Suppose -u*b - s*m = -87, b - 34 - 7 = 3*m. What is the tens digit of b?
3
Suppose -2*x = -4*k - 3063 - 2163, 2*x = -2*k + 5238. What is the units digit of x?
7
Let x(y) = -3*y + 5. Let v be x(-1). Let z(n) = 2 + 4 + 15*n + 1 + 0 - n**2. What is the tens digit of z(v)?
6
Suppose 9*t - 2464 = 1154. What is the tens digit of t?
0
Suppose -5*m = -2*p + 761, 5*p - 1845 = 10*m - 9*m. What is the hundreds digit of p?
3
Let d be 144/45 + 1/(-5). Suppose 0 = -4*k + d*k + 124. Suppose 0 = 4*w - k - 0. What is the units digit of w?
1
Let x = 215 - 15. What is the units digit of x/(-12)*-9 - 4?
6
Suppose -3*r + 12 = 3*j, -5*j + 0*r + 12 = r. Suppose 2*a + j*a = 0. Suppose 9 = k - a. What is the units digit of k?
9
Let j be 194/8 + 1/(-4). Suppose 0 = 5*y - 5*f - 20, -2*y = 3*y + 5*f. What is the units digit of -1 + (j + y - 0)?
5
Let c be 12/60 + 14/5 + 2. Suppose x - 7*u - 76 = -c*u, 0 = -x + 5*u + 79. What is the units digit of x?
4
Let h(i) = -10 - 15*i + 13*i + 28*i + 1. What is the tens digit of h(3)?
6
Let r(j) be the third derivative of j**4/4 - j**3/6 + 29*j**2. What is the units digit of r(19)?
3
Suppose n - 76 = -81. What is the tens digit of (-1)/(n/(-2030)*-2)?
0
Let g = -238 + 266. What is the units digit of g?
8
Suppose 145*q - 8 = 147*q. What is the units digit of 97 + (-13 - q)/3?
4
Let h = -2 - -11. Let q be (-2)/h + (-724)/(-18). Suppose -5*d + 0*d + q = 0. What is the units digit of d?
8
Suppose h - 3*d - 10 = 0, -5*h - 4*d = -95 - 50. Let g = -33 + h. What is the units digit of (114/g)/(4/(-16))?
7
Suppose 0*l + 51*l = 132039. What is the tens digit of l?
8
Suppose 0 = 3*w - v - 25, w - 4*v + 0*v - 1 = 0. Let d be ((-9)/(-27))/(1/w). Suppose 48 = d*a - 45. What is the units digit of a?
1
Suppose 11*y + 2773 = 9362. What is the tens digit of y?
9
Let n be (2 - 5) + -2 + 215. Suppose -15*f = -f - n. What is the units digit of f?
5
Let c(l) = 5*l**2 + 21*l - 12. Let z be c(-9). Suppose z = 3*u + 3*u. What is the units digit of u?
4
Suppose 0 = 2*y - 4, -1224 + 4190 = 4*q + y. What is the units digit of q?
1
Suppose -m + 5*m - 708 = 0. Suppose 8*g - 5*g - m = 0. What is the tens digit of g?
5
Let g(q) = q**3 + 7*q**2 - 7*q + 8. Let x be g(-8). Suppose x*f - 5*f = 0. Suppose 4*s + s - 160 = f. What is the tens digit of s?
3
Let r = -94 - -49. Let j be (r/10)/((-2)/(-12)). Let y = j - -48. What is the units digit of y?
1
Let b = -67 - -68. Let f(t) = 129*t**2 + 2*t - 3. What is the units digit of f(b)?
8
Let t be 1*0*(-2)/4. Suppose 8*f = 9*f - 22. Suppose t = k - 7 - f. What is the tens digit of k?
2
Suppose -2*d - 1191 = -g, -4*g + 22*d - 18*d + 4768 = 0. What is the units digit of g?
3
Suppose -40*b + 26*b = -29974. What is the units digit of b?
1
Let g(w) = -w - 12. Let j be g(0). Let x = j - -15. Suppose -5*p = -s + 23 + 8, -x*s + 4*p + 71 = 0. What is the tens digit of s?
2
Let h = -4 - -6. Suppose -2*y = h*u - 16 - 60, -2*y + u + 70 = 0. What is the tens digit of y?
3
Let a = -845 - -1508. Suppose -j - a = -4*j. What is the units digit of j?
1
Suppose 4*c + 0*c - 184 = 0. Suppose 0 = -2*i + 3*y + 215, -i + 60 = -2*y - c. What is the units digit of i?
2
Let x = 157 - 235. What is the tens digit of x/(-5) - 12/20?
1
Suppose 3*a - 3763 = -4*w, -w - 2*a - 51 = -998. What is the hundreds digit of w?
9
Let l(i) = -3*i**2 - 78*i - 13. What is the hundreds digit of l(-24)?
1
Suppose 5*s + 0*s = -6*s. Suppose s = 2*a - 101 + 1. What is the units digit of a?
0
Suppose 0 = -6*r + 20 - 2. Suppose 75 = b - r*c, b - 4 - 68 = 4*c. What is the units digit of b?
4
Let c = 7133 - 2706. What is the thousands digit of c?
4
Let n(p) = 13*p + 514. What is the tens digit of n(-34)?
7
Let h = 129 - 222. Let x = h - -143. What is the tens digit of x?
5
Let p(c) = 29*c + 1. Let v be p(-1). Let b(l) = -28*l**2 - 11*l - 2. Let k be b(-2). What is the units digit of k/5*70/v?
6
Let n(r) = -150*r + 136. What is the tens digit of n(-9)?
8
Let p(w) = -6*w**3 - 4*w**2 + w - 22. Let h be p(-5). Suppose -4*t + 11*t - h = 0. What is the tens digit of t?
8
Suppose -6*o = -5*o - 314. What is the hundreds digit of 1 + -2 + o - 4?
3
Suppose -7*w + 110 = 40. Let v = w - 6. Suppose -156 = -3*q + 2*z, -5*q + v*q - 5*z + 52 = 0. What is the units digit of q?
2
Let o = -31 + 33. Suppose -o*y - 10*y + 1512 = 0. What is the units digit of y?
6
Let i(b) = -23*b + 5. Let h be i(-6). Let m = -7 + h. Suppose -1 = -4*v + 3, -5*y + m = -4*v. What is the units digit of y?
8
Suppose 13926 = 30*x - 88074. What is the hundreds digit of x?
4
Suppose 41 = -l - 9. Let j = l - -89. What is the units digit of (j/(-6))/((-2)/4)?
3
Let u(x) = 5*x**2 + 2*x. Let n be u(-6). Let h = n + -71. Suppose 3*c - 119 = h. What is the units digit of c?
2
Let d be (6/(-2))/(3/18). Let t be (-2)/(-12) + (-591)/d. Let n = -5 + t. What is the tens digit of n?
2
Suppose 674 + 38 = -x. What is the units digit of (3/((-36)/x))/(2/3)?
9
Let s = 320 + 46. What is the tens digit of 9/(-6)*s/(-9)?
6
Let w be 51/21 + 2/14*-3. What is the tens digit of (-780)/(-50)*(w + (-1)/(-